{"id":65,"date":"2025-06-25T10:04:50","date_gmt":"2025-06-25T08:04:50","guid":{"rendered":"https:\/\/www.loewen-oberopfingen.de\/?page_id=65"},"modified":"2025-11-11T15:06:22","modified_gmt":"2025-11-11T14:06:22","slug":"impressum","status":"publish","type":"page","link":"https:\/\/www.loewen-oberopfingen.de\/?page_id=65","title":{"rendered":"Impressum"},"content":{"rendered":"\t\t<div data-elementor-type=\"wp-page\" data-elementor-id=\"65\" class=\"elementor elementor-65\" data-elementor-post-type=\"page\">\n\t\t\t\t\t\t<section class=\"elementor-section elementor-top-section elementor-element elementor-element-57183ef elementor-section-boxed elementor-section-height-default elementor-section-height-default\" data-id=\"57183ef\" data-element_type=\"section\" data-e-type=\"section\">\n\t\t\t\t\t\t<div class=\"elementor-container elementor-column-gap-default\">\n\t\t\t\t\t<div class=\"elementor-column elementor-col-100 elementor-top-column elementor-element elementor-element-cf6cdbd\" data-id=\"cf6cdbd\" data-element_type=\"column\" data-e-type=\"column\">\n\t\t\t<div class=\"elementor-widget-wrap elementor-element-populated\">\n\t\t\t\t\t\t<section class=\"elementor-section elementor-inner-section elementor-element elementor-element-727d8ca elementor-section-boxed elementor-section-height-default elementor-section-height-default\" data-id=\"727d8ca\" data-element_type=\"section\" data-e-type=\"section\">\n\t\t\t\t\t\t<div class=\"elementor-container elementor-column-gap-default\">\n\t\t\t\t\t<div class=\"elementor-column elementor-col-100 elementor-inner-column elementor-element elementor-element-7db97d8\" data-id=\"7db97d8\" data-element_type=\"column\" data-e-type=\"column\">\n\t\t\t<div class=\"elementor-widget-wrap elementor-element-populated\">\n\t\t\t\t\t\t<div class=\"elementor-element elementor-element-5e2d3e4 elementor-widget elementor-widget-heading\" data-id=\"5e2d3e4\" data-element_type=\"widget\" data-e-type=\"widget\" data-widget_type=\"heading.default\">\n\t\t\t\t<div class=\"elementor-widget-container\">\n\t\t\t\t\t<h2 class=\"elementor-heading-title elementor-size-default\">Impressum<\/h2>\t\t\t\t<\/div>\n\t\t\t\t<\/div>\n\t\t\t\t<div class=\"elementor-element elementor-element-e5a2fc2 elementor-widget elementor-widget-text-editor\" data-id=\"e5a2fc2\" data-element_type=\"widget\" data-e-type=\"widget\" data-widget_type=\"text-editor.default\">\n\t\t\t\t<div class=\"elementor-widget-container\">\n\t\t\t\t\t\t\t\t\t<p>Alexander Ruhland<br \/>Landgasthof L\u00f6wen<br \/>Kirchdorfer Str. 8<br \/>88457 Oberopfingen<\/p><p>Kontaktm\u00f6glichkeiten:<br \/>Telefon: 08395\/667<br \/>Telefax: 08395\/911728<br \/>E-Mail: <a href=\"https:\/\/web.archive.org\/web\/20240519083008\/mailto:info@loewen-oberopfingen.de\">info@loewen-oberopfingen.de<\/a><br \/>Web: <a href=\"\/web\/20240519083008\/https:\/\/www.loewen-oberopfingen.de\/\">www.loewen-oberopfingen.de<\/a><\/p><p><strong>\u00d6ffnungszeiten:<\/strong><\/p><p><strong>Montag, Dienstag und Mittwoch: Ruhetag<\/strong><\/p><p>Warme K\u00fcche:<\/p><p><strong>Donnerstag bis Sonntag<\/strong> 18.oo bis 21.00 Uhr<\/p><p><strong>Sonntag<\/strong> 11.3o bis 13.3o Uhr<\/p><p>Auf Anfrage sind andere \u00d6ffnungszeiten m\u00f6glich.<\/p><p>Umsatzsteuer-Identifikationsnummer gem. \u00a7 27a UStG: DE261032046<\/p><p>Die Europ\u00e4ische Kommission stellt eine Plattform zur Online-Streitbeilegung (OS) bereit, die Sie unter <a href=\"https:\/\/web.archive.org\/web\/20240519083008\/https:\/\/ec.europa.eu\/consumers\/odr\/\">http:\/\/ec.europa.eu\/consumers\/odr\/<\/a>finden. Zur Teilnahme an einem Streitbeilegungsverfahren vor einer Verbraucherschlichtungsstelle sind wir nicht verpflichtet und nicht bereit.<\/p><p><strong>\u00a7 1 Haftung f\u00fcr Inhalte<\/strong><br \/>F\u00fcr die eigenen Inhalte unserer Seiten sind wir nach den allgemeinen Gesetzen verantwortlich. Verbindliche Ausk\u00fcnfte, Beratungen, Empfehlungen oder Erkl\u00e4rungen erteilen wir ausschlie\u00dflich im Rahmen individueller Kommunikation.<br \/>Wir behalten uns vor, unser Internet-Angebot jederzeit zu \u00e4ndern, zu erg\u00e4nzen, zu k\u00fcrzen oder auch ganz einzustellen. Wir stehen auch nicht daf\u00fcr ein, dass Inhalte unseres Internet-Angebots f\u00fcr den Nutzer und seine Zwecke geeignet sind.<\/p><p><strong>\u00a7 2 Urheberrecht<\/strong><br \/>Der Inhalt, die Gestaltung und der Aufbau unseres Internet-Angebotes sind urheberrechtlich gesch\u00fctzt und wir behalten uns s\u00e4mtliche Schutzrechte ausdr\u00fccklich vor. Insbesondere bed\u00fcrfen die Vervielf\u00e4ltigung, Bearbeitung, Verbreitung und jede Art der Verwertung der Inhalte unserer schriftlichen Zustimmung, sofern die Ma\u00dfnahme nicht nach gesetzlichen Vorschriften zustimmungsfrei erlaubt ist. Downloads und Kopien dieser Seite sind nun f\u00fcr den privaten, nicht kommerziellen Gebrauch gestattet.<\/p>\t\t\t\t\t\t\t\t<\/div>\n\t\t\t\t<\/div>\n\t\t\t\t\t<\/div>\n\t\t<\/div>\n\t\t\t\t\t<\/div>\n\t\t<\/section>\n\t\t\t\t\t<\/div>\n\t\t<\/div>\n\t\t\t\t\t<\/div>\n\t\t<\/section>\n\t\t\t\t<\/div>\n\t\t","protected":false},"excerpt":{"rendered":"<p>Impressum Alexander RuhlandLandgasthof L\u00f6wenKirchdorfer Str. 888457 Oberopfingen Kontaktm\u00f6glichkeiten:Telefon: 08395\/667Telefax: 08395\/911728E-Mail: info@loewen-oberopfingen.deWeb: www.loewen-oberopfingen.de \u00d6ffnungszeiten: Montag, Dienstag und Mittwoch: Ruhetag Warme K\u00fcche: Donnerstag bis Sonntag 18.oo bis 21.00 Uhr Sonntag 11.3o bis 13.3o Uhr Auf Anfrage sind andere \u00d6ffnungszeiten m\u00f6glich. Umsatzsteuer-Identifikationsnummer gem. \u00a7 27a UStG: DE261032046 Die Europ\u00e4ische Kommission stellt eine Plattform zur Online-Streitbeilegung (OS) bereit, die [&hellip;]<\/p>\n","protected":false},"author":1,"featured_media":0,"parent":0,"menu_order":0,"comment_status":"closed","ping_status":"closed","template":"","meta":{"footnotes":""},"class_list":["post-65","page","type-page","status-publish","hentry"],"_links":{"self":[{"href":"https:\/\/www.loewen-oberopfingen.de\/index.php?rest_route=\/wp\/v2\/pages\/65","targetHints":{"allow":["GET"]}}],"collection":[{"href":"https:\/\/www.loewen-oberopfingen.de\/index.php?rest_route=\/wp\/v2\/pages"}],"about":[{"href":"https:\/\/www.loewen-oberopfingen.de\/index.php?rest_route=\/wp\/v2\/types\/page"}],"author":[{"embeddable":true,"href":"https:\/\/www.loewen-oberopfingen.de\/index.php?rest_route=\/wp\/v2\/users\/1"}],"replies":[{"embeddable":true,"href":"https:\/\/www.loewen-oberopfingen.de\/index.php?rest_route=%2Fwp%2Fv2%2Fcomments&post=65"}],"version-history":[{"count":8,"href":"https:\/\/www.loewen-oberopfingen.de\/index.php?rest_route=\/wp\/v2\/pages\/65\/revisions"}],"predecessor-version":[{"id":1746,"href":"https:\/\/www.loewen-oberopfingen.de\/index.php?rest_route=\/wp\/v2\/pages\/65\/revisions\/1746"}],"wp:attachment":[{"href":"https:\/\/www.loewen-oberopfingen.de\/index.php?rest_route=%2Fwp%2Fv2%2Fmedia&parent=65"}],"curies":[{"name":"wp","href":"https:\/\/api.w.org\/{rel}","templated":true}]}}